{"id":3017,"date":"2015-07-19T11:30:56","date_gmt":"2015-07-19T10:30:56","guid":{"rendered":"https:\/\/ros.a-rt.ch\/?page_id=3017"},"modified":"2020-07-26T01:25:02","modified_gmt":"2020-07-26T01:25:02","slug":"presse","status":"publish","type":"page","link":"https:\/\/ros.a-rt.ch\/?page_id=3017","title":{"rendered":"Presse"},"content":{"rendered":"\n<p>Medien und Presse berichten regelm\u00e4\u00dfig \u00fcber einzelne Veranstaltungen. Klicken Sie in der untenstehenden Liste der neuesten Presseartikel auf einen Titel um den ganzen Artikel zu lesen.<\/p>\n\n\n\n<figure class=\"wp-block-table is-style-regular\"><table><tbody><tr><th><span style=\"text-decoration: underline;\">Titel<\/span><\/th><th><span style=\"text-decoration: underline;\">Publikation<\/span><\/th><th><span style=\"text-decoration: underline;\">Datum<\/span><\/th><\/tr><tr><td><a href=\"https:\/\/ros.a-rt.ch\/wp-content\/uploads\/2015\/07\/Ros-Abd-St.G-Tagblatt-org.pdf\" target=\"_blank\" rel=\"noopener noreferrer\">Die Natur bestimmt ihr Wirken<\/a><\/td><td>St. Galler Tagblatt<\/td><td>16. Juli 2015<\/td><\/tr><tr><td><a href=\"https:\/\/ros.a-rt.ch\/wp-content\/uploads\/2016\/09\/Es-summt-im-Kuenstlerbienenstock-\u2013-Saiten-Ostschweizer-Kulturmagazin.pdf\" target=\"_blank\" rel=\"noopener noreferrer\">Es summt im Ku\u0308nstlerbienenstock<\/a><\/td><td>Saiten Ostschweizer Kulturmagazin<\/td><td>06. Juni 2016<\/td><\/tr><tr><td><a href=\"https:\/\/ros.a-rt.ch\/wp-content\/uploads\/2016\/09\/Auftakt-mit-zwei-Kuenstlerinnen-Wiler-Zeitung-Online.pdf\" target=\"_blank\" rel=\"noopener noreferrer\">Auftakt mit zwei Ku\u0308nstlerinnen<\/a><\/td><td>Wiler Zeitung<\/td><td>24. August 2016<\/td><\/tr><tr><td><a href=\"https:\/\/ros.a-rt.ch\/wp-content\/uploads\/2016\/09\/Arbeiten-die-Einblick-in-Lebensweisen-geben.pdf\" target=\"_blank\" rel=\"noopener noreferrer\">Arbeiten, die Einblick in Lebensweisen geben<\/a><\/td><td>Info Wil Plus<\/td><td>28. August 2016<\/td><\/tr><tr><td><a href=\"https:\/\/ros.a-rt.ch\/wp-content\/uploads\/2017\/09\/170912_TT_aru_Ausstellung-Rosmarie-Abderhalden.pdf\" target=\"_blank\" rel=\"noopener noreferrer\">Werkschau einer Sammlerin<\/a><\/td><td>Toggenburger Tagblatt<\/td><td>12. September 2017<\/td><\/tr><\/tbody><\/table><\/figure>\n\n\n\n<p>Sie sind selbst Medienschaffende\/r und w\u00fcnschen Zugang zu den Pressemitteilungen von Romarie Abderhalden? Erfragen Sie \u00fcber das Konaktformular die entsprechenden Presse-Zugangsdaten.<\/p>\n","protected":false},"excerpt":{"rendered":"<p>Medien und Presse berichten regelm\u00e4\u00dfig \u00fcber einzelne Veranstaltungen. Klicken Sie in der untenstehenden Liste der neuesten Presseartikel auf einen Titel um den ganzen Artikel zu lesen. Titel Publikation Datum Die Natur bestimmt ihr Wirken St. Galler Tagblatt 16. Juli 2015 Es summt im Ku\u0308nstlerbienenstock Saiten Ostschweizer Kulturmagazin 06. Juni 2016 Auftakt mit zwei Ku\u0308nstlerinnen Wiler <a class=\"more-link\" href=\"https:\/\/ros.a-rt.ch\/?page_id=3017\">Weiterlesen&#8230;<\/a><\/p>\n","protected":false},"author":4,"featured_media":0,"parent":0,"menu_order":0,"comment_status":"closed","ping_status":"closed","template":"","meta":{"footnotes":""},"class_list":["post-3017","page","type-page","status-publish","hentry"],"_links":{"self":[{"href":"https:\/\/ros.a-rt.ch\/index.php?rest_route=\/wp\/v2\/pages\/3017","targetHints":{"allow":["GET"]}}],"collection":[{"href":"https:\/\/ros.a-rt.ch\/index.php?rest_route=\/wp\/v2\/pages"}],"about":[{"href":"https:\/\/ros.a-rt.ch\/index.php?rest_route=\/wp\/v2\/types\/page"}],"author":[{"embeddable":true,"href":"https:\/\/ros.a-rt.ch\/index.php?rest_route=\/wp\/v2\/users\/4"}],"replies":[{"embeddable":true,"href":"https:\/\/ros.a-rt.ch\/index.php?rest_route=%2Fwp%2Fv2%2Fcomments&post=3017"}],"version-history":[{"count":41,"href":"https:\/\/ros.a-rt.ch\/index.php?rest_route=\/wp\/v2\/pages\/3017\/revisions"}],"predecessor-version":[{"id":5036,"href":"https:\/\/ros.a-rt.ch\/index.php?rest_route=\/wp\/v2\/pages\/3017\/revisions\/5036"}],"wp:attachment":[{"href":"https:\/\/ros.a-rt.ch\/index.php?rest_route=%2Fwp%2Fv2%2Fmedia&parent=3017"}],"curies":[{"name":"wp","href":"https:\/\/api.w.org\/{rel}","templated":true}]}}

<p>Medien und Presse berichten regelmäßig über einzelne Veranstaltungen. Klicken Sie in der untenstehenden Liste der neuesten Presseartikel auf einen Titel um den ganzen Artikel zu lesen.</p>



<figure class="wp-block-table is-style-regular"><table><tbody><tr><th><span style="text-decoration: underline;">Titel</span></th><th><span style="text-decoration: underline;">Publikation</span></th><th><span style="text-decoration: underline;">Datum</span></th></tr><tr><td><a href="https://ros.a-rt.ch/wp-content/uploads/2015/07/Ros-Abd-St.G-Tagblatt-org.pdf" target="_blank" rel="noopener noreferrer">Die Natur bestimmt ihr Wirken</a></td><td>St. Galler Tagblatt</td><td>16. Juli 2015</td></tr><tr><td><a href="https://ros.a-rt.ch/wp-content/uploads/2016/09/Es-summt-im-Kuenstlerbienenstock-–-Saiten-Ostschweizer-Kulturmagazin.pdf" target="_blank" rel="noopener noreferrer">Es summt im Künstlerbienenstock</a></td><td>Saiten Ostschweizer Kulturmagazin</td><td>06. Juni 2016</td></tr><tr><td><a href="https://ros.a-rt.ch/wp-content/uploads/2016/09/Auftakt-mit-zwei-Kuenstlerinnen-Wiler-Zeitung-Online.pdf" target="_blank" rel="noopener noreferrer">Auftakt mit zwei Künstlerinnen</a></td><td>Wiler Zeitung</td><td>24. August 2016</td></tr><tr><td><a href="https://ros.a-rt.ch/wp-content/uploads/2016/09/Arbeiten-die-Einblick-in-Lebensweisen-geben.pdf" target="_blank" rel="noopener noreferrer">Arbeiten, die Einblick in Lebensweisen geben</a></td><td>Info Wil Plus</td><td>28. August 2016</td></tr><tr><td><a href="https://ros.a-rt.ch/wp-content/uploads/2017/09/170912_TT_aru_Ausstellung-Rosmarie-Abderhalden.pdf" target="_blank" rel="noopener noreferrer">Werkschau einer Sammlerin</a></td><td>Toggenburger Tagblatt</td><td>12. September 2017</td></tr></tbody></table></figure>



<p>Sie sind selbst Medienschaffende/r und wünschen Zugang zu den Pressemitteilungen von Romarie Abderhalden? Erfragen Sie über das Konaktformular die entsprechenden Presse-Zugangsdaten.</p>

<p>Medien und Presse berichten regelmäßig über einzelne Veranstaltungen. Klicken Sie in der untenstehenden Liste der neuesten Presseartikel auf einen Titel um den ganzen Artikel zu lesen. Titel Publikation Datum Die Natur bestimmt ihr Wirken St. Galler Tagblatt 16. Juli 2015 Es summt im Künstlerbienenstock Saiten Ostschweizer Kulturmagazin 06. Juni 2016 Auftakt mit zwei Künstlerinnen Wiler <a class="more-link" href="https://ros.a-rt.ch/?page_id=3017">Weiterlesen&#8230;</a></p>
