{"id":4689,"date":"2020-07-21T18:59:06","date_gmt":"2020-07-21T17:59:06","guid":{"rendered":"https:\/\/ros.a-rt.ch\/?page_id=4689"},"modified":"2024-11-27T14:26:51","modified_gmt":"2024-11-27T13:26:51","slug":"4689-2","status":"publish","type":"page","link":"https:\/\/ros.a-rt.ch\/","title":{"rendered":""},"content":{"rendered":"\n<div class=\"wp-block-columns is-layout-flex wp-container-core-columns-is-layout-9d6595d7 wp-block-columns-is-layout-flex\">\n<div class=\"wp-block-column is-layout-flow wp-block-column-is-layout-flow\" style=\"flex-basis:66.66%\"><ul class=\"wp-block-latest-posts__list has-dates wp-block-latest-posts\"><li><a class=\"wp-block-latest-posts__post-title\" href=\"https:\/\/ros.a-rt.ch\/?p=6309\">Kaleidoskop &#8211; Video<\/a><time datetime=\"2023-07-11T15:52:08+02:00\" class=\"wp-block-latest-posts__post-date\">11. Juli 2023<\/time><div class=\"wp-block-latest-posts__post-excerpt\">Zur Ausstellung in der Kunsthalle Wil ist ein Video entstanden und nun zu sehen:<\/div><\/li>\n<li><a class=\"wp-block-latest-posts__post-title\" href=\"https:\/\/ros.a-rt.ch\/?p=6207\">Kaleidoskop &#8211; Soloshow Kunsthalle Wil, 2023<\/a><time datetime=\"2023-06-01T19:03:37+02:00\" class=\"wp-block-latest-posts__post-date\">1. Juni 2023<\/time><div class=\"wp-block-latest-posts__post-excerpt\">Einen einf\u00fchrenden Text von Sonja R\u00fcegg, Leiterin und Kuratorin der Kunsthalle Wil und K\u00fcnstlerin finden Sie hier: &nbsp; Ausstellungstext&nbsp; &nbsp; &nbsp; &nbsp; &nbsp; Die Ausstellung ist als Gesamtinstallation zu verstehen. Die meisten Werke sind neu f\u00fcr die R\u00e4ume der Kunsthalle <a class=\"more-link\" href=\"https:\/\/ros.a-rt.ch\/?p=6207\">Weiterlesen&#8230;<\/a><\/div><\/li>\n<li><a class=\"wp-block-latest-posts__post-title\" href=\"https:\/\/ros.a-rt.ch\/?p=6196\">Kaleidoskop &#8211; Soloshow Kunsthalle Wil, 2023<\/a><time datetime=\"2023-03-23T16:49:03+01:00\" class=\"wp-block-latest-posts__post-date\">23. M\u00e4rz 2023<\/time><div class=\"wp-block-latest-posts__post-excerpt\">Vom 1. April &#8211; 14. Mai 2023 ist die Ausstellung&nbsp;Kaleidoskop in der Kunsthalle Wil zu sehen. Alle Angaben finden Sie hier: Kunsthalle_Wil_Einladungskarte_Kaleidoskop Ein paar Impressionen vom Aufbau: Herzlich willkommen!<\/div><\/li>\n<li><a class=\"wp-block-latest-posts__post-title\" href=\"https:\/\/ros.a-rt.ch\/?p=6179\">Kunsthalle Wil, Jahresprogramm 2023<\/a><time datetime=\"2023-01-03T14:05:10+01:00\" class=\"wp-block-latest-posts__post-date\">3. Januar 2023<\/time><div class=\"wp-block-latest-posts__post-excerpt\">Das Ausstellungs-Programm f\u00fcr das Jahr 2023 ist da: Kunsthalle_Wil_Programm_2023_web kunsthallewil.ch Schon jetzt lade ich herzlich ein zu meiner Ausstellung KALEIDOSKOP&nbsp;vom 1. April bis 14. Mai 2023<\/div><\/li>\n<li><a class=\"wp-block-latest-posts__post-title\" href=\"https:\/\/ros.a-rt.ch\/?p=6162\">Landschaftsr\u00e4ume<\/a><time datetime=\"2022-10-09T18:41:12+02:00\" class=\"wp-block-latest-posts__post-date\">9. Oktober 2022<\/time><div class=\"wp-block-latest-posts__post-excerpt\">Unterschiedliche Landschaften k\u00f6nnen als R\u00e4ume gesehen werden, die ich erfahren, in die ich mich hinein- und hinausbegeben kann. Den Sommer mit den vielen sonnigen Tagen habe ich genutzt, um Berglandschaften der Schweiz zu durchwandern. Im folgenden einige Eindr\u00fccke solcher R\u00e4ume: <a class=\"more-link\" href=\"https:\/\/ros.a-rt.ch\/?p=6162\">Weiterlesen&#8230;<\/a><\/div><\/li>\n<\/ul><\/div>\n\n\n\n<div class=\"wp-block-column is-layout-flow wp-block-column-is-layout-flow\" style=\"flex-basis:33.33%\">\n<p>K\u00fcnstlerisches Schaffen heisst f\u00fcr mich forschen und dabei vorl\u00e4ufige Positionen zu finden.<br><br>Auf Fragen gibt es keine fertigen Antworten, aber vielleicht weitere Fragen, die in eine bestimmte Richtung weisen.<\/p>\n\n\n\n<p>Scheinbare Klarheit ist nicht eindeutig.<\/p>\n\n\n\n<p>Technik, Material, die Form- und Farbensprache ver\u00e4ndern sich mit dem gesuchten Ausdruck. Sie ordnen sich dem Thema unter.<\/p>\n\n\n\n<p>DER K\u00dcNSTLERISCHE PROZESS &#8211; IMMER NEU &#8211; DIE FRAGE NACH DEM WESENTLICHEN.<\/p>\n\n\n\n<p>KUNSTSCHAFFEN HEISST, ICH KANN MICH JEDEN TAG NEU ERFINDEN.<\/p>\n\n\n\n<p><\/p>\n\n\n\n<figure class=\"wp-block-image size-large\"><img loading=\"lazy\" decoding=\"async\" width=\"1024\" height=\"845\" src=\"https:\/\/ros.a-rt.ch\/wp-content\/uploads\/2014\/08\/Bild-6-1024x845.jpg\" alt=\"\" class=\"wp-image-2742\" srcset=\"https:\/\/ros.a-rt.ch\/wp-content\/uploads\/2014\/08\/Bild-6-1024x845.jpg 1024w, https:\/\/ros.a-rt.ch\/wp-content\/uploads\/2014\/08\/Bild-6-300x247.jpg 300w\" sizes=\"auto, (max-width: 1024px) 100vw, 1024px\" \/><\/figure>\n<\/div>\n<\/div>\n\n\n\n<p><\/p>\n","protected":false},"excerpt":{"rendered":"<p>K\u00fcnstlerisches Schaffen heisst f\u00fcr mich forschen und dabei vorl\u00e4ufige Positionen zu finden. Auf Fragen gibt es keine fertigen Antworten, aber vielleicht weitere Fragen, die in eine bestimmte Richtung weisen. Scheinbare Klarheit ist nicht eindeutig. Technik, Material, die Form- und Farbensprache ver\u00e4ndern sich mit dem gesuchten Ausdruck. Sie ordnen sich dem Thema unter. DER K\u00dcNSTLERISCHE PROZESS <a class=\"more-link\" href=\"https:\/\/ros.a-rt.ch\/\">Weiterlesen&#8230;<\/a><\/p>\n","protected":false},"author":4,"featured_media":0,"parent":0,"menu_order":0,"comment_status":"closed","ping_status":"closed","template":"","meta":{"footnotes":""},"class_list":["post-4689","page","type-page","status-publish","hentry"],"_links":{"self":[{"href":"https:\/\/ros.a-rt.ch\/index.php?rest_route=\/wp\/v2\/pages\/4689","targetHints":{"allow":["GET"]}}],"collection":[{"href":"https:\/\/ros.a-rt.ch\/index.php?rest_route=\/wp\/v2\/pages"}],"about":[{"href":"https:\/\/ros.a-rt.ch\/index.php?rest_route=\/wp\/v2\/types\/page"}],"author":[{"embeddable":true,"href":"https:\/\/ros.a-rt.ch\/index.php?rest_route=\/wp\/v2\/users\/4"}],"replies":[{"embeddable":true,"href":"https:\/\/ros.a-rt.ch\/index.php?rest_route=%2Fwp%2Fv2%2Fcomments&post=4689"}],"version-history":[{"count":30,"href":"https:\/\/ros.a-rt.ch\/index.php?rest_route=\/wp\/v2\/pages\/4689\/revisions"}],"predecessor-version":[{"id":6321,"href":"https:\/\/ros.a-rt.ch\/index.php?rest_route=\/wp\/v2\/pages\/4689\/revisions\/6321"}],"wp:attachment":[{"href":"https:\/\/ros.a-rt.ch\/index.php?rest_route=%2Fwp%2Fv2%2Fmedia&parent=4689"}],"curies":[{"name":"wp","href":"https:\/\/api.w.org\/{rel}","templated":true}]}}

<div class="wp-block-columns is-layout-flex wp-container-core-columns-is-layout-9d6595d7 wp-block-columns-is-layout-flex">
<div class="wp-block-column is-layout-flow wp-block-column-is-layout-flow" style="flex-basis:66.66%"><ul class="wp-block-latest-posts__list has-dates wp-block-latest-posts"><li><a class="wp-block-latest-posts__post-title" href="https://ros.a-rt.ch/?p=6309">Kaleidoskop &#8211; Video</a><time datetime="2023-07-11T15:52:08+02:00" class="wp-block-latest-posts__post-date">11. Juli 2023</time><div class="wp-block-latest-posts__post-excerpt">Zur Ausstellung in der Kunsthalle Wil ist ein Video entstanden und nun zu sehen:</div></li>
<li><a class="wp-block-latest-posts__post-title" href="https://ros.a-rt.ch/?p=6207">Kaleidoskop &#8211; Soloshow Kunsthalle Wil, 2023</a><time datetime="2023-06-01T19:03:37+02:00" class="wp-block-latest-posts__post-date">1. Juni 2023</time><div class="wp-block-latest-posts__post-excerpt">Einen einführenden Text von Sonja Rüegg, Leiterin und Kuratorin der Kunsthalle Wil und Künstlerin finden Sie hier: &nbsp; Ausstellungstext&nbsp; &nbsp; &nbsp; &nbsp; &nbsp; Die Ausstellung ist als Gesamtinstallation zu verstehen. Die meisten Werke sind neu für die Räume der Kunsthalle <a class="more-link" href="https://ros.a-rt.ch/?p=6207">Weiterlesen&#8230;</a></div></li>
<li><a class="wp-block-latest-posts__post-title" href="https://ros.a-rt.ch/?p=6196">Kaleidoskop &#8211; Soloshow Kunsthalle Wil, 2023</a><time datetime="2023-03-23T16:49:03+01:00" class="wp-block-latest-posts__post-date">23. März 2023</time><div class="wp-block-latest-posts__post-excerpt">Vom 1. April &#8211; 14. Mai 2023 ist die Ausstellung&nbsp;Kaleidoskop in der Kunsthalle Wil zu sehen. Alle Angaben finden Sie hier: Kunsthalle_Wil_Einladungskarte_Kaleidoskop Ein paar Impressionen vom Aufbau: Herzlich willkommen!</div></li>
<li><a class="wp-block-latest-posts__post-title" href="https://ros.a-rt.ch/?p=6179">Kunsthalle Wil, Jahresprogramm 2023</a><time datetime="2023-01-03T14:05:10+01:00" class="wp-block-latest-posts__post-date">3. Januar 2023</time><div class="wp-block-latest-posts__post-excerpt">Das Ausstellungs-Programm für das Jahr 2023 ist da: Kunsthalle_Wil_Programm_2023_web kunsthallewil.ch Schon jetzt lade ich herzlich ein zu meiner Ausstellung KALEIDOSKOP&nbsp;vom 1. April bis 14. Mai 2023</div></li>
<li><a class="wp-block-latest-posts__post-title" href="https://ros.a-rt.ch/?p=6162">Landschaftsräume</a><time datetime="2022-10-09T18:41:12+02:00" class="wp-block-latest-posts__post-date">9. Oktober 2022</time><div class="wp-block-latest-posts__post-excerpt">Unterschiedliche Landschaften können als Räume gesehen werden, die ich erfahren, in die ich mich hinein- und hinausbegeben kann. Den Sommer mit den vielen sonnigen Tagen habe ich genutzt, um Berglandschaften der Schweiz zu durchwandern. Im folgenden einige Eindrücke solcher Räume: <a class="more-link" href="https://ros.a-rt.ch/?p=6162">Weiterlesen&#8230;</a></div></li>
</ul></div>



<div class="wp-block-column is-layout-flow wp-block-column-is-layout-flow" style="flex-basis:33.33%">
<p>Künstlerisches Schaffen heisst für mich forschen und dabei vorläufige Positionen zu finden.<br><br>Auf Fragen gibt es keine fertigen Antworten, aber vielleicht weitere Fragen, die in eine bestimmte Richtung weisen.</p>



<p>Scheinbare Klarheit ist nicht eindeutig.</p>



<p>Technik, Material, die Form- und Farbensprache verändern sich mit dem gesuchten Ausdruck. Sie ordnen sich dem Thema unter.</p>



<p>DER KÜNSTLERISCHE PROZESS &#8211; IMMER NEU &#8211; DIE FRAGE NACH DEM WESENTLICHEN.</p>



<p>KUNSTSCHAFFEN HEISST, ICH KANN MICH JEDEN TAG NEU ERFINDEN.</p>



<p></p>



<figure class="wp-block-image size-large"><img loading="lazy" decoding="async" width="1024" height="845" src="https://ros.a-rt.ch/wp-content/uploads/2014/08/Bild-6-1024x845.jpg" alt="" class="wp-image-2742" srcset="https://ros.a-rt.ch/wp-content/uploads/2014/08/Bild-6-1024x845.jpg 1024w, https://ros.a-rt.ch/wp-content/uploads/2014/08/Bild-6-300x247.jpg 300w" sizes="auto, (max-width: 1024px) 100vw, 1024px" /></figure>
</div>
</div>



<p></p>

<p>Künstlerisches Schaffen heisst für mich forschen und dabei vorläufige Positionen zu finden. Auf Fragen gibt es keine fertigen Antworten, aber vielleicht weitere Fragen, die in eine bestimmte Richtung weisen. Scheinbare Klarheit ist nicht eindeutig. Technik, Material, die Form- und Farbensprache verändern sich mit dem gesuchten Ausdruck. Sie ordnen sich dem Thema unter. DER KÜNSTLERISCHE PROZESS <a class="more-link" href="https://ros.a-rt.ch/">Weiterlesen&#8230;</a></p>
