{"id":6073,"date":"2021-09-09T17:21:46","date_gmt":"2021-09-09T15:21:46","guid":{"rendered":"https:\/\/ros.a-rt.ch\/?page_id=6073"},"modified":"2021-09-09T17:21:46","modified_gmt":"2021-09-09T15:21:46","slug":"ausstellungen-2021-2025","status":"publish","type":"page","link":"https:\/\/ros.a-rt.ch\/?page_id=6073","title":{"rendered":"Ausstellungen 2021 \u2013 2025"},"content":{"rendered":"\n<p><\/p>\n\n\n<ul class=\"wp-block-latest-posts__list wp-block-latest-posts\"><li><a class=\"wp-block-latest-posts__post-title\" href=\"https:\/\/ros.a-rt.ch\/?p=6309\">Kaleidoskop &#8211; Video<\/a><div class=\"wp-block-latest-posts__post-excerpt\">Zur Ausstellung in der Kunsthalle Wil ist ein Video entstanden und nun zu sehen:<\/div><\/li>\n<li><a class=\"wp-block-latest-posts__post-title\" href=\"https:\/\/ros.a-rt.ch\/?p=6207\">Kaleidoskop &#8211; Soloshow Kunsthalle Wil, 2023<\/a><div class=\"wp-block-latest-posts__post-excerpt\">Einen einf\u00fchrenden Text von Sonja R\u00fcegg, Leiterin und Kuratorin der Kunsthalle Wil und K\u00fcnstlerin finden Sie hier: &nbsp; Ausstellungstext&nbsp; &nbsp; <a class=\"more-link\" href=\"https:\/\/ros.a-rt.ch\/?p=6207\">Weiterlesen&#8230;<\/a><\/div><\/li>\n<li><a class=\"wp-block-latest-posts__post-title\" href=\"https:\/\/ros.a-rt.ch\/?p=6196\">Kaleidoskop &#8211; Soloshow Kunsthalle Wil, 2023<\/a><div class=\"wp-block-latest-posts__post-excerpt\">Vom 1. April &#8211; 14. Mai 2023 ist die Ausstellung&nbsp;Kaleidoskop in der Kunsthalle Wil zu sehen. Alle Angaben finden Sie <a class=\"more-link\" href=\"https:\/\/ros.a-rt.ch\/?p=6196\">Weiterlesen&#8230;<\/a><\/div><\/li>\n<li><a class=\"wp-block-latest-posts__post-title\" href=\"https:\/\/ros.a-rt.ch\/?p=6179\">Kunsthalle Wil, Jahresprogramm 2023<\/a><div class=\"wp-block-latest-posts__post-excerpt\">Das Ausstellungs-Programm f\u00fcr das Jahr 2023 ist da: Kunsthalle_Wil_Programm_2023_web kunsthallewil.ch Schon jetzt lade ich herzlich ein zu meiner Ausstellung KALEIDOSKOP&nbsp;vom <a class=\"more-link\" href=\"https:\/\/ros.a-rt.ch\/?p=6179\">Weiterlesen&#8230;<\/a><\/div><\/li>\n<li><a class=\"wp-block-latest-posts__post-title\" href=\"https:\/\/ros.a-rt.ch\/?p=6033\">sieben-fach 12. Sept &#8211; 3. Okt. 2021<\/a><div class=\"wp-block-latest-posts__post-excerpt\">Gruppenausstellung in der Galerie&nbsp;Mayers&nbsp;Kulturbad in Romanshorn An der Reckholdernstrasse 13 arbeiten zur Zeit 7 K\u00fcnstler*innen in ihren Ateliers. Nun ist <a class=\"more-link\" href=\"https:\/\/ros.a-rt.ch\/?p=6033\">Weiterlesen&#8230;<\/a><\/div><\/li>\n<li><a class=\"wp-block-latest-posts__post-title\" href=\"https:\/\/ros.a-rt.ch\/?p=6036\">Beistampfi Nesslau, Sommeratelier<\/a><div class=\"wp-block-latest-posts__post-excerpt\">Im August habe ich mein Atelier ins Freie verlegt, in die Umgebung der historischen Knochenm\u00fchle in Nesslau. \u00a0 \u00a0 \u00a0 <a class=\"more-link\" href=\"https:\/\/ros.a-rt.ch\/?p=6036\">Weiterlesen&#8230;<\/a><\/div><\/li>\n<\/ul>","protected":false},"excerpt":{"rendered":"","protected":false},"author":4,"featured_media":0,"parent":0,"menu_order":0,"comment_status":"closed","ping_status":"closed","template":"","meta":{"footnotes":""},"class_list":["post-6073","page","type-page","status-publish","hentry"],"_links":{"self":[{"href":"https:\/\/ros.a-rt.ch\/index.php?rest_route=\/wp\/v2\/pages\/6073","targetHints":{"allow":["GET"]}}],"collection":[{"href":"https:\/\/ros.a-rt.ch\/index.php?rest_route=\/wp\/v2\/pages"}],"about":[{"href":"https:\/\/ros.a-rt.ch\/index.php?rest_route=\/wp\/v2\/types\/page"}],"author":[{"embeddable":true,"href":"https:\/\/ros.a-rt.ch\/index.php?rest_route=\/wp\/v2\/users\/4"}],"replies":[{"embeddable":true,"href":"https:\/\/ros.a-rt.ch\/index.php?rest_route=%2Fwp%2Fv2%2Fcomments&post=6073"}],"version-history":[{"count":2,"href":"https:\/\/ros.a-rt.ch\/index.php?rest_route=\/wp\/v2\/pages\/6073\/revisions"}],"predecessor-version":[{"id":6075,"href":"https:\/\/ros.a-rt.ch\/index.php?rest_route=\/wp\/v2\/pages\/6073\/revisions\/6075"}],"wp:attachment":[{"href":"https:\/\/ros.a-rt.ch\/index.php?rest_route=%2Fwp%2Fv2%2Fmedia&parent=6073"}],"curies":[{"name":"wp","href":"https:\/\/api.w.org\/{rel}","templated":true}]}}

<p></p>


<ul class="wp-block-latest-posts__list wp-block-latest-posts"><li><a class="wp-block-latest-posts__post-title" href="https://ros.a-rt.ch/?p=6309">Kaleidoskop &#8211; Video</a><div class="wp-block-latest-posts__post-excerpt">Zur Ausstellung in der Kunsthalle Wil ist ein Video entstanden und nun zu sehen:</div></li>
<li><a class="wp-block-latest-posts__post-title" href="https://ros.a-rt.ch/?p=6207">Kaleidoskop &#8211; Soloshow Kunsthalle Wil, 2023</a><div class="wp-block-latest-posts__post-excerpt">Einen einführenden Text von Sonja Rüegg, Leiterin und Kuratorin der Kunsthalle Wil und Künstlerin finden Sie hier: &nbsp; Ausstellungstext&nbsp; &nbsp; <a class="more-link" href="https://ros.a-rt.ch/?p=6207">Weiterlesen&#8230;</a></div></li>
<li><a class="wp-block-latest-posts__post-title" href="https://ros.a-rt.ch/?p=6196">Kaleidoskop &#8211; Soloshow Kunsthalle Wil, 2023</a><div class="wp-block-latest-posts__post-excerpt">Vom 1. April &#8211; 14. Mai 2023 ist die Ausstellung&nbsp;Kaleidoskop in der Kunsthalle Wil zu sehen. Alle Angaben finden Sie <a class="more-link" href="https://ros.a-rt.ch/?p=6196">Weiterlesen&#8230;</a></div></li>
<li><a class="wp-block-latest-posts__post-title" href="https://ros.a-rt.ch/?p=6179">Kunsthalle Wil, Jahresprogramm 2023</a><div class="wp-block-latest-posts__post-excerpt">Das Ausstellungs-Programm für das Jahr 2023 ist da: Kunsthalle_Wil_Programm_2023_web kunsthallewil.ch Schon jetzt lade ich herzlich ein zu meiner Ausstellung KALEIDOSKOP&nbsp;vom <a class="more-link" href="https://ros.a-rt.ch/?p=6179">Weiterlesen&#8230;</a></div></li>
<li><a class="wp-block-latest-posts__post-title" href="https://ros.a-rt.ch/?p=6033">sieben-fach 12. Sept &#8211; 3. Okt. 2021</a><div class="wp-block-latest-posts__post-excerpt">Gruppenausstellung in der Galerie&nbsp;Mayers&nbsp;Kulturbad in Romanshorn An der Reckholdernstrasse 13 arbeiten zur Zeit 7 Künstler*innen in ihren Ateliers. Nun ist <a class="more-link" href="https://ros.a-rt.ch/?p=6033">Weiterlesen&#8230;</a></div></li>
<li><a class="wp-block-latest-posts__post-title" href="https://ros.a-rt.ch/?p=6036">Beistampfi Nesslau, Sommeratelier</a><div class="wp-block-latest-posts__post-excerpt">Im August habe ich mein Atelier ins Freie verlegt, in die Umgebung der historischen Knochenmühle in Nesslau.       <a class="more-link" href="https://ros.a-rt.ch/?p=6036">Weiterlesen&#8230;</a></div></li>
</ul>
